{"id":41,"date":"2023-11-28T17:55:05","date_gmt":"2023-11-28T17:55:05","guid":{"rendered":"https:\/\/kontrolazarzadcza.com.pl\/?page_id=41"},"modified":"2024-01-20T17:07:10","modified_gmt":"2024-01-20T17:07:10","slug":"41-2","status":"publish","type":"page","link":"https:\/\/kontrolazarzadcza.com.pl\/","title":{"rendered":"Kontrola Zarz\u0105dcza w jednostkach bud\u017cetowych, w tym publicznych plac\u00f3wkach o\u015bwiatowych"},"content":{"rendered":"<p>[et_pb_section fb_built=&#8221;1&#8243; _builder_version=&#8221;4.23.1&#8243; _module_preset=&#8221;default&#8221; custom_margin=&#8221;-35px||||false|false&#8221; global_colors_info=&#8221;{}&#8221;][et_pb_row _builder_version=&#8221;4.23.1&#8243; _module_preset=&#8221;default&#8221; global_colors_info=&#8221;{}&#8221;][et_pb_column type=&#8221;4_4&#8243; _builder_version=&#8221;4.23.1&#8243; _module_preset=&#8221;default&#8221; global_colors_info=&#8221;{}&#8221;][et_pb_heading title=&#8221;Kontrola zarz\u0105dcza w jednostkach bud\u017cetowych, w tym w plac\u00f3wkach o\u015bwiatowych&#8221; title_tablet=&#8221;Kontrola zarz\u0105dcza w jednostkach bud\u017cetowych, w tym w plac\u00f3wkach o\u015bwiatowych&#8221; title_phone=&#8221;Kontrola zarz\u0105dcza w jednostkach bud\u017cetowych, w tym w plac\u00f3wkach o\u015bwiatowych&#8221; title_last_edited=&#8221;on|desktop&#8221; _builder_version=&#8221;4.23.1&#8243; _module_preset=&#8221;default&#8221; title_font=&#8221;|600|||||||&#8221; title_text_color=&#8221;#0C71C3&#8243; title_font_size=&#8221;43px&#8221; title_line_height=&#8221;1.2em&#8221; background_color=&#8221;rgba(178,178,178,0)&#8221; global_colors_info=&#8221;{}&#8221;][\/et_pb_heading][et_pb_heading title=&#8221;Szkolenie prowadzi:&#8221; _builder_version=&#8221;4.23.1&#8243; _module_preset=&#8221;default&#8221; title_font=&#8221;|700|||||||&#8221; title_text_color=&#8221;#0C71C3&#8243; global_colors_info=&#8221;{}&#8221;][\/et_pb_heading][\/et_pb_column][\/et_pb_row][et_pb_row column_structure=&#8221;1_2,1_2&#8243; _builder_version=&#8221;4.23.1&#8243; _module_preset=&#8221;default&#8221; global_colors_info=&#8221;{}&#8221;][et_pb_column type=&#8221;1_2&#8243; _builder_version=&#8221;4.23.1&#8243; _module_preset=&#8221;default&#8221; global_colors_info=&#8221;{}&#8221;][et_pb_image src=&#8221;https:\/\/kontrolazarzadcza.com.pl\/wp-content\/uploads\/2023\/11\/BarbaraRobak.jpg&#8221; title_text=&#8221;BarbaraRobak&#8221; align=&#8221;center&#8221; _builder_version=&#8221;4.23.1&#8243; _module_preset=&#8221;default&#8221; width=&#8221;63%&#8221; module_alignment=&#8221;center&#8221; custom_margin=&#8221;|-9px||||&#8221; global_colors_info=&#8221;{}&#8221;][\/et_pb_image][\/et_pb_column][et_pb_column type=&#8221;1_2&#8243; _builder_version=&#8221;4.23.1&#8243; _module_preset=&#8221;default&#8221; global_colors_info=&#8221;{}&#8221;][et_pb_heading title=&#8221;Barbara Robak&#8221; _builder_version=&#8221;4.23.1&#8243; _module_preset=&#8221;default&#8221; title_font=&#8221;|600|||||||&#8221; title_text_color=&#8221;#0C71C3&#8243; global_colors_info=&#8221;{}&#8221;][\/et_pb_heading][et_pb_text _builder_version=&#8221;4.23.1&#8243; _module_preset=&#8221;default&#8221; text_text_color=&#8221;#000000&#8243; text_font_size=&#8221;18px&#8221; custom_margin=&#8221;|||0px|false|false&#8221; global_colors_info=&#8221;{}&#8221;]<\/p>\n<p><span>Posiada ponad 25-letnie do\u015bwiadczenie w pracy w samorz\u0105dzie i z jednostkami sektora finans\u00f3w publicznych.\u00a0<\/span><span><strong>Odpowiedzialna za funkcjonowanie I i II poziomu kontroli zarz\u0105dczej w gminie.<\/strong><\/span><span>\u00a0Nadzoruj\u0105ca o\u015bwiat\u0119, kultur\u0119 i sport w powiecie.\u00a0<\/span><strong>Do\u015bwiadczony pracownik kontroli.<\/strong><span>\u00a0Absolwentka Wydzia\u0142u Prawa i Administracji Uniwersytetu Marii Curie \u2013 Sk\u0142odowskiej w Lublinie oraz Szko\u0142y G\u0142\u00f3wnej Handlowej w Warszawie \u2013 Podyplomowe Studia Audytu, Kontroli Zarz\u0105dczej i Rachunkowo\u015bci oraz Podyplomowe Studia Zarz\u0105dzania Projektem w ramach\u00a0Funduszy Strukturalnych UE.\u00a0<\/span><span><strong>Praktyk.<\/strong><\/span><\/p>\n<p>[\/et_pb_text][\/et_pb_column][\/et_pb_row][et_pb_row _builder_version=&#8221;4.23.1&#8243; _module_preset=&#8221;default&#8221; global_colors_info=&#8221;{}&#8221;][et_pb_column type=&#8221;4_4&#8243; _builder_version=&#8221;4.23.1&#8243; _module_preset=&#8221;default&#8221; global_colors_info=&#8221;{}&#8221;][et_pb_heading title=&#8221;Dla kogo jest szkolenie?&#8221; _builder_version=&#8221;4.23.1&#8243; _module_preset=&#8221;default&#8221; title_font=&#8221;|700|||||||&#8221; title_text_color=&#8221;#0C71C3&#8243; global_colors_info=&#8221;{}&#8221;][\/et_pb_heading][et_pb_text _builder_version=&#8221;4.23.1&#8243; _module_preset=&#8221;default&#8221; text_text_color=&#8221;#000000&#8243; text_font_size=&#8221;18px&#8221; global_colors_info=&#8221;{}&#8221;]<\/p>\n<div class=\"elementor-element elementor-element-ad3cb70 elementor-widget elementor-widget-text-editor\" data-id=\"ad3cb70\" data-element_type=\"widget\" data-widget_type=\"text-editor.default\">\n<div class=\"elementor-widget-container\">\n<div class=\"elementor-text-editor elementor-clearfix\">\n<p>Szkolenie przeznaczone jest dla os\u00f3b odpowiedzialnych za prawid\u0142owe funkcjonowanie kontroli zarz\u0105dczej, w jednostkach sektora finans\u00f3w publicznych szczeg\u00f3lno\u015bci:<span>\u00a0<\/span><strong>Dyrektor\u00f3w szk\u00f3\u0142, przedszkoli i \u017c\u0142obk\u00f3w, Dyrektor\u00f3w i Kierownik\u00f3w o\u015brodk\u00f3w pomocy spo\u0142ecznej i innych jednostek bud\u017cetowych.<\/strong><\/p>\n<\/div>\n<\/div>\n<\/div>\n<div class=\"elementor-element elementor-element-e55f609 elementor-widget-divider--view-line elementor-widget elementor-widget-divider\" data-id=\"e55f609\" data-element_type=\"widget\" data-widget_type=\"divider.default\">\n<div class=\"elementor-widget-container\">\n<div class=\"elementor-divider\"><\/div>\n<\/div>\n<\/div>\n<p>[\/et_pb_text][et_pb_heading title=&#8221;Efekty kszta\u0142cenia:&#8221; _builder_version=&#8221;4.23.1&#8243; _module_preset=&#8221;default&#8221; title_font=&#8221;|700|||||||&#8221; title_text_color=&#8221;#0C71C3&#8243; custom_padding=&#8221;8px|||||&#8221; global_colors_info=&#8221;{}&#8221;][\/et_pb_heading][et_pb_text _builder_version=&#8221;4.23.1&#8243; _module_preset=&#8221;default&#8221; text_text_color=&#8221;#000000&#8243; text_font_size=&#8221;18px&#8221; global_colors_info=&#8221;{}&#8221;]<\/p>\n<div class=\"elementor-element elementor-element-ad3cb70 elementor-widget elementor-widget-text-editor\" data-id=\"ad3cb70\" data-element_type=\"widget\" data-widget_type=\"text-editor.default\">\n<div class=\"elementor-widget-container\">\n<div class=\"elementor-text-editor elementor-clearfix\">\n<div class=\"elementor-element elementor-element-06c7531 elementor-widget elementor-widget-text-editor\" data-id=\"06c7531\" data-element_type=\"widget\" data-widget_type=\"text-editor.default\">\n<div class=\"elementor-widget-container\">\n<div class=\"elementor-text-editor elementor-clearfix\">\n<p>Uczestnicy poznaj\u0105 istot\u0119 kontroli zarz\u0105dczej, a tak\u017ce \u017ar\u00f3d\u0142a, kontekst i cel powstania przepis\u00f3w jej dotycz\u0105cych. Dowiedz\u0105 si\u0119 r\u00f3wnie\u017c jak\u0105 odpowiedzialno\u015b\u0107 ponosi kierownik jednostki za naruszenie dyscypliny finans\u00f3w publicznych polegaj\u0105ce na niewykonaniu lub nienale\u017cytym wykonaniu obowi\u0105zk\u00f3w w zakresie kontroli zarz\u0105dczej.<span>\u00a0<\/span><strong>Poznaj\u0105 standardy kontroli zarz\u0105dczej oraz nab\u0119d\u0105 umiej\u0119tno\u015b\u0107 praktycznego ich stosowania.<\/strong><span>\u00a0<\/span>Zaproponowane zostan\u0105 r\u00f3wnie\u017c<span>\u00a0<\/span><strong>narz\u0119dzia oceny kontroli zarz\u0105dczej<\/strong><span>\u00a0<\/span>oraz<span>\u00a0<\/span><strong>projekty dokument\u00f3w<\/strong><span>\u00a0<\/span>reguluj\u0105cych kwestie kontroli zarz\u0105dczej. W cz\u0119\u015bci warsztatowej zajmiemy si\u0119 planowaniem cel\u00f3w i zada\u0144 oraz zarz\u0105dzania ryzykiem.<\/p>\n<\/div>\n<\/div>\n<\/div>\n<div class=\"elementor-element elementor-element-9dcb100 elementor-widget-divider--view-line elementor-widget elementor-widget-divider\" data-id=\"9dcb100\" data-element_type=\"widget\" data-widget_type=\"divider.default\">\n<div class=\"elementor-widget-container\">\n<div class=\"elementor-divider\"><\/div>\n<\/div>\n<\/div>\n<\/div>\n<\/div>\n<\/div>\n<div class=\"elementor-element elementor-element-e55f609 elementor-widget-divider--view-line elementor-widget elementor-widget-divider\" data-id=\"e55f609\" data-element_type=\"widget\" data-widget_type=\"divider.default\">\n<div class=\"elementor-widget-container\">\n<div class=\"elementor-divider\"><\/div>\n<\/div>\n<\/div>\n<p>[\/et_pb_text][et_pb_heading title=&#8221;Data i miejsce szkolenia:&#8221; _builder_version=&#8221;4.23.1&#8243; _module_preset=&#8221;default&#8221; title_font=&#8221;|700|||||||&#8221; title_text_color=&#8221;#0C71C3&#8243; custom_padding=&#8221;8px|||||&#8221; global_colors_info=&#8221;{}&#8221;][\/et_pb_heading][et_pb_text _builder_version=&#8221;4.23.1&#8243; _module_preset=&#8221;default&#8221; text_text_color=&#8221;#000000&#8243; text_font_size=&#8221;18px&#8221; global_colors_info=&#8221;{}&#8221;]<\/p>\n<div class=\"elementor-element elementor-element-ad3cb70 elementor-widget elementor-widget-text-editor\" data-id=\"ad3cb70\" data-element_type=\"widget\" data-widget_type=\"text-editor.default\">\n<div class=\"elementor-widget-container\">\n<div class=\"elementor-text-editor elementor-clearfix\">\n<div class=\"elementor-element elementor-element-06c7531 elementor-widget elementor-widget-text-editor\" data-id=\"06c7531\" data-element_type=\"widget\" data-widget_type=\"text-editor.default\">\n<div class=\"elementor-widget-container\">\n<div class=\"elementor-text-editor elementor-clearfix\">\n<p><strong><span style=\"font-size: 18px;\">Szkolenie nagrane &#8212; <\/span><\/strong><span style=\"font-size: 18px;\">Dost\u0119p przez okres 3 miesi\u0119cy<\/span><\/p>\n<\/div>\n<\/div>\n<\/div>\n<div class=\"elementor-element elementor-element-9dcb100 elementor-widget-divider--view-line elementor-widget elementor-widget-divider\" data-id=\"9dcb100\" data-element_type=\"widget\" data-widget_type=\"divider.default\">\n<div class=\"elementor-widget-container\">\n<div class=\"elementor-divider\"><\/div>\n<\/div>\n<\/div>\n<\/div>\n<\/div>\n<\/div>\n<div class=\"elementor-element elementor-element-e55f609 elementor-widget-divider--view-line elementor-widget elementor-widget-divider\" data-id=\"e55f609\" data-element_type=\"widget\" data-widget_type=\"divider.default\">\n<div class=\"elementor-widget-container\">\n<div class=\"elementor-divider\"><\/div>\n<\/div>\n<\/div>\n<p>[\/et_pb_text][et_pb_heading title=&#8221;Ramowy program szkolenia:&#8221; _builder_version=&#8221;4.23.1&#8243; _module_preset=&#8221;default&#8221; title_font=&#8221;|700|||||||&#8221; title_text_color=&#8221;#0C71C3&#8243; custom_padding=&#8221;8px|||||&#8221; global_colors_info=&#8221;{}&#8221;][\/et_pb_heading][et_pb_text _builder_version=&#8221;4.23.1&#8243; _module_preset=&#8221;default&#8221; text_text_color=&#8221;#000000&#8243; text_font_size=&#8221;18px&#8221; global_colors_info=&#8221;{}&#8221;]<\/p>\n<div class=\"elementor-element elementor-element-ad3cb70 elementor-widget elementor-widget-text-editor\" data-id=\"ad3cb70\" data-element_type=\"widget\" data-widget_type=\"text-editor.default\">\n<div class=\"elementor-widget-container\">\n<div class=\"elementor-text-editor elementor-clearfix\">\n<ol>\n<li>Co wnios\u0142o COSO i INDOSAI?<\/li>\n<li>Jak zorganizowa\u0107 kontrol\u0119 zarz\u0105dcz\u0105, aby unikn\u0105\u0107 kar finansowych i sankcji?<\/li>\n<li>Jak dopasowa\u0107 kontrol\u0119 zarz\u0105dcz\u0105 do wielko\u015bci i zada\u0144 jednostki bud\u017cetowej?<\/li>\n<li>Kontrola zarz\u0105dcza a kontrola finansowa.<\/li>\n<li>Cele kontroli zarz\u0105dczej.<\/li>\n<li>Zakres kontroli zarz\u0105dczej.<\/li>\n<li>Formy kontroli zarz\u0105dczej.<\/li>\n<li>Kto odpowiada za <strong>funkcjonowanie kontroli zarz\u0105dczej?<\/strong><\/li>\n<li>Kto odpowiada za<span style=\"color: #ff0000;\"><strong> naruszenie dyscypliny finans\u00f3w publicznych w zakresie kontroli <\/strong><\/span><span style=\"color: #ff0000;\"><strong>zarz\u0105dczej?<\/strong><\/span><\/li>\n<li>Co grozi za niewykonanie lub nienale\u017cyte wykonanie obowi\u0105zk\u00f3w w zakresie kontroli zarz\u0105dczej (<span style=\"color: #ff0000;\"><strong>przyk\u0142ady<\/strong><\/span>).<\/li>\n<li>Jak prowadzi\u0107 kontrol\u0119 zarz\u0105dcz\u0105 w takich obszarach jak:<br \/>\u00a0 &#8212; zam\u00f3wienia publiczne,<br \/>\u00a0 &#8212; finanse<br \/>\u00a0 &#8212; zatrudnienie i inne<\/li>\n<li>Elementy kontroli zarz\u0105dczej (w szczeg\u00f3lno\u015bci: kompetencje zawodowe, struktura organizacyjna, delegowanie uprawnie\u0144) \u2013 przyk\u0142ady<\/li>\n<li>Cele i zarz\u0105dzanie ryzykiem, w tym m.in.: okre\u015blenie cel\u00f3w i zada\u0144, monitorowanie<br \/>i ocena ich realizacji, identyfikacja ryzyka, analiza ryzyka, reakcja na ryzyko.<\/li>\n<li>Mechanizmy kontroli:<br \/>\u00a0 &#8212; dokumentowanie systemu kontroli zarz\u0105dczej,<br \/>\u00a0 &#8212; nadz\u00f3r,<br \/>\u00a0 &#8212; ci\u0105g\u0142o\u015b\u0107 dzia\u0142alno\u015bci,<br \/>\u00a0 &#8212; ochrona zasob\u00f3w,<br \/>\u00a0 &#8212; szczeg\u00f3\u0142owe mechanizmy kontroli dotycz\u0105ce operacji finansowych i gospodarczych,<br \/>\u00a0 &#8212; mechanizmy kontroli dotycz\u0105ce system\u00f3w informatycznych.<\/li>\n<li>Jak okre\u015bli\u0107 cele jednostki?<\/li>\n<li>Jak zarz\u0105dza\u0107 ryzykiem?<\/li>\n<li>Jak prawid\u0142owo reagowa\u0107 na ryzyko?<\/li>\n<li>Skuteczna informacja i komunikacja w jednostkach sektora finans\u00f3w publicznych (wewn\u0119trzna i zewn\u0119trzna).<\/li>\n<li>Jak prawid\u0142owo monitorowa\u0107 system kontroli zarz\u0105dczej.<\/li>\n<li>W jaki spos\u00f3b prowadzi\u0107 samoocen\u0119 i audyt wewn\u0119trzny?<\/li>\n<li>O\u015bwiadczenie o stanie kontroli zarz\u0105dczej \u2013 na co zwr\u00f3ci\u0107 uwag\u0119?<\/li>\n<li>Planowanie cel\u00f3w i zada\u0144. Kryteria ustalania cel\u00f3w.<\/li>\n<li><span style=\"color: #ff0000;\"><strong>Praktyczne zaj\u0119cia dla uczestnik\u00f3w szkolenia z planowania cel\u00f3w i zada\u0144<\/strong><\/span><br \/><span style=\"color: #ff0000;\"><strong>oraz zarz\u0105dzania ryzykiem<\/strong><\/span><\/li>\n<\/ol>\n<\/div>\n<\/div>\n<\/div>\n<p>[\/et_pb_text][et_pb_heading title=&#8221;Forma szkolenia:&#8221; _builder_version=&#8221;4.23.1&#8243; _module_preset=&#8221;default&#8221; title_font=&#8221;|700|||||||&#8221; title_text_color=&#8221;#0C71C3&#8243; custom_padding=&#8221;8px|||||&#8221; global_colors_info=&#8221;{}&#8221;][\/et_pb_heading][et_pb_text _builder_version=&#8221;4.23.1&#8243; _module_preset=&#8221;default&#8221; text_text_color=&#8221;#000000&#8243; text_font_size=&#8221;18px&#8221; global_colors_info=&#8221;{}&#8221;]<\/p>\n<div class=\"elementor-element elementor-element-ad3cb70 elementor-widget elementor-widget-text-editor\" data-id=\"ad3cb70\" data-element_type=\"widget\" data-widget_type=\"text-editor.default\">\n<div class=\"elementor-widget-container\">\n<div class=\"elementor-text-editor elementor-clearfix\"><span>Szkolenie odb\u0119dzie si\u0119 w formie <strong>webinarowej<\/strong> na platformie Clickmeeting.<\/span><\/div>\n<div class=\"elementor-text-editor elementor-clearfix\">\n<p><strong><em>Aby wzi\u0105\u0107 udzia\u0142 w szkoleniu wystarczy:<br \/><\/em><\/strong><strong><em>\u2013<span>\u00a0<\/span><\/em><\/strong><em>komputer z g\u0142o\u015bnikiem, smartfon lub laptop<br \/><\/em><strong><em>\u2013<\/em><\/strong><em><span>\u00a0<\/span>dost\u0119p do Internetu,<br \/><\/em><em>\u2013 nie wymaga umiej\u0119tno\u015bci komputerowych, bardzo prosty spos\u00f3b uczestnictwa w szkoleniu<br \/>i kontaktu na \u017cywo z prowadz\u0105cym.<\/em><em> <\/em><em><\/em><em>W <strong>przeddzie\u0144 szkolenia<\/strong> wysy\u0142amy materia\u0142y szkoleniowe, a w dzie\u0144 szkolenia link do pokoju webinarowego.<\/em><\/p>\n<p>&nbsp;<\/p>\n<p><em> <\/em><em><\/em><em>W dzie\u0144 szkolenia na 15 minut przed szkoleniem uczestnicy maj\u0105 mo\u017cliwo\u015b\u0107 po\u0107wiczenia pisania na czacie (w razie potrzeby), aby podczas szkolenia swobodnie wpisywa\u0107 swoje pytania.<\/em><\/p>\n<\/div>\n<\/div>\n<\/div>\n<p>[\/et_pb_text][et_pb_heading title=&#8221;Zamawiaj\u0105cy otrzyma:&#8221; _builder_version=&#8221;4.23.1&#8243; _module_preset=&#8221;default&#8221; title_font=&#8221;|700|||||||&#8221; title_text_color=&#8221;#0C71C3&#8243; custom_padding=&#8221;8px|||||&#8221; global_colors_info=&#8221;{}&#8221;][\/et_pb_heading][et_pb_text _builder_version=&#8221;4.23.1&#8243; _module_preset=&#8221;default&#8221; text_text_color=&#8221;#000000&#8243; text_font_size=&#8221;18px&#8221; global_colors_info=&#8221;{}&#8221;]<\/p>\n<div class=\"elementor-element elementor-element-ad3cb70 elementor-widget elementor-widget-text-editor\" data-id=\"ad3cb70\" data-element_type=\"widget\" data-widget_type=\"text-editor.default\">\n<div class=\"elementor-widget-container\">\n<div class=\"elementor-text-editor elementor-clearfix\">\n<p><span style=\"color: #ff0000;\"><strong>\u2713 autorskie materia\u0142y\u00a0<\/strong><\/span><\/p>\n<p><span><strong><span style=\"color: #ff0000;\">\u2713 wzory pism<\/span> w tym w wersji edytowalnej<\/strong>,<\/span><\/p>\n<p><strong><span>\u2713 uczestnictwo w szkoleniu, wiedz\u0119,<\/span><\/strong><\/p>\n<p><strong><span>\u2713 certyfikat uczestnictwa w szkoleniu,<\/span><\/strong><\/p>\n<p><strong><span>\u2713 mo\u017cliwo\u015b\u0107\u00a0zadawania pyta\u0144\u00a0do trenera podczas szkolenia webinarowego.<\/span><\/strong><\/p>\n<p><strong><\/strong><\/p>\n<div class=\"elementor-element elementor-element-4032e6e elementor-widget elementor-widget-text-editor\" data-id=\"4032e6e\" data-element_type=\"widget\" data-widget_type=\"text-editor.default\">\n<div class=\"elementor-widget-container\">\n<div class=\"elementor-text-editor elementor-clearfix\">\n<p><span style=\"color: #0a0a0a; font-size: 1.4em;\"><strong>\u00a0CZAS SZKOLENIA: 4 godziny\u00a0\u00a0<\/strong><\/span><\/p>\n<\/div>\n<\/div>\n<\/div>\n<\/div>\n<\/div>\n<\/div>\n<p>[\/et_pb_text][et_pb_heading title=&#8221;Cena i warunki:&#8221; _builder_version=&#8221;4.23.1&#8243; _module_preset=&#8221;default&#8221; title_font=&#8221;|700|||||||&#8221; title_text_color=&#8221;#0C71C3&#8243; custom_padding=&#8221;8px|||||&#8221; global_colors_info=&#8221;{}&#8221;][\/et_pb_heading][et_pb_text _builder_version=&#8221;4.23.1&#8243; _module_preset=&#8221;default&#8221; text_text_color=&#8221;#000000&#8243; text_font_size=&#8221;18px&#8221; hover_enabled=&#8221;0&#8243; inline_fonts=&#8221;Abhaya Libre&#8221; global_colors_info=&#8221;{}&#8221; sticky_enabled=&#8221;0&#8243;]<\/p>\n<p><strong><span style=\"font-size: 1.4em;\">395 z\u0142 netto* &#8212; <\/span><\/strong>Dost\u0119p do <strong>nagrania<\/strong> przez okres 3 miesi\u0119cy dla <strong>1 uczestnika<\/strong><\/p>\n<p>&nbsp;<\/p>\n<p>Rekrutacja na szkolenie webinarowe na \u017cywo trwa do 2 dni przed szkoleniem &#8211; decyduje kolejno\u015b\u0107 zg\u0142osze\u0144.<\/p>\n<p>Rekrutacja na szkolenie nagrane jest realizowana w trybie ci\u0105g\u0142ym.<\/p>\n<p>P\u0142atno\u015b\u0107:<br \/>\uf097- Dla uczestnik\u00f3w, gdzie uczestnictwo jest finansowane ze \u015brodk\u00f3w publicznych na podstawie faktury z 14-dniowym terminem p\u0142atno\u015bci. Faktura jest wystawiana w dniu szkolenia.<br \/>\uf097 &#8211; Dla uczestnik\u00f3w, kt\u00f3rych uczestnictwo nie jest finansowane ze \u015brodk\u00f3w publicznych na podstawie faktury proforma z 3-dniowym terminem p\u0142atno\u015bci.<br \/>*Poniewa\u017c nie jeste\u015bmy czynnym p\u0142atnikiem podatku od towar\u00f3w i us\u0142ug, to wystawiamy faktury ze zwolnieniem z VAT.<\/p>\n<p>[\/et_pb_text][et_pb_heading title=&#8221;Zg\u0142oszenia na szkolenie:&#8221; _builder_version=&#8221;4.23.1&#8243; _module_preset=&#8221;default&#8221; title_font=&#8221;|700|||||||&#8221; title_text_color=&#8221;#0C71C3&#8243; custom_padding=&#8221;8px|||||&#8221; global_colors_info=&#8221;{}&#8221;][\/et_pb_heading][et_pb_text _builder_version=&#8221;4.23.1&#8243; _module_preset=&#8221;default&#8221; text_text_color=&#8221;#000000&#8243; text_font_size=&#8221;18px&#8221; global_colors_info=&#8221;{}&#8221;]<\/p>\n<div class=\"elementor-element elementor-element-ad3cb70 elementor-widget elementor-widget-text-editor\" data-id=\"ad3cb70\" data-element_type=\"widget\" data-widget_type=\"text-editor.default\">\n<div class=\"elementor-widget-container\">\n<div class=\"elementor-text-editor elementor-clearfix\">\n<p><span style=\"color: #000000;\"><b>Zg\u0142oszenia mo\u017cna dokonywa\u0107 poprzez przes\u0142anie skanu uzupe\u0142nionej karty zg\u0142oszenia:<\/b><\/span><\/p>\n<div class=\"elementor-element elementor-element-4032e6e elementor-widget elementor-widget-text-editor\" data-id=\"4032e6e\" data-element_type=\"widget\" data-widget_type=\"text-editor.default\">\n<div class=\"elementor-widget-container\">\n<div class=\"elementor-text-editor elementor-clearfix\"><\/div>\n<\/div>\n<\/div>\n<\/div>\n<\/div>\n<\/div>\n<p>[\/et_pb_text][et_pb_button button_url=&#8221;https:\/\/kontrolazarzadcza.com.pl\/wp-content\/uploads\/2023\/11\/2023-12-14-KZ-Webinar-BR-3.pdf&#8221; url_new_window=&#8221;on&#8221; button_text=&#8221;Pobieram kart\u0119 zg\u0142oszenia&#8221; button_alignment=&#8221;left&#8221; _builder_version=&#8221;4.23.1&#8243; _module_preset=&#8221;default&#8221; custom_button=&#8221;on&#8221; button_text_size=&#8221;24px&#8221; button_text_color=&#8221;#0C71C3&#8243; button_border_width=&#8221;2px&#8221; button_border_radius=&#8221;0px&#8221; button_letter_spacing=&#8221;0px&#8221; button_font=&#8221;||||||||&#8221; button_icon=&#8221;&#x47;||divi||400&#8243; button_icon_placement=&#8221;left&#8221; animation_style=&#8221;slide&#8221; button_font_last_edited=&#8221;off|desktop&#8221; box_shadow_style=&#8221;preset2&#8243; box_shadow_color=&#8221;#0C71C3&#8243; saved_tabs=&#8221;all&#8221; global_colors_info=&#8221;{}&#8221;][\/et_pb_button][\/et_pb_column][\/et_pb_row][\/et_pb_section]<\/p>\n","protected":false},"excerpt":{"rendered":"<p>Szkolenie przeznaczone jest dla os\u00f3b odpowiedzialnych za prawid\u0142owe funkcjonowanie kontroli zarz\u0105dczej, w jednostkach sektora finans\u00f3w publicznych szczeg\u00f3lno\u015bci:\u00a0Dyrektor\u00f3w szk\u00f3\u0142, przedszkoli i \u017c\u0142obk\u00f3w, Dyrektor\u00f3w i Kierownik\u00f3w o\u015brodk\u00f3w pomocy spo\u0142ecznej i innych jednostek bud\u017cetowych.<\/p>\n","protected":false},"author":1,"featured_media":44,"parent":0,"menu_order":0,"comment_status":"closed","ping_status":"closed","template":"","meta":{"_et_pb_use_builder":"on","_et_pb_old_content":"","_et_gb_content_width":"","footnotes":""},"_links":{"self":[{"href":"https:\/\/kontrolazarzadcza.com.pl\/index.php?rest_route=\/wp\/v2\/pages\/41"}],"collection":[{"href":"https:\/\/kontrolazarzadcza.com.pl\/index.php?rest_route=\/wp\/v2\/pages"}],"about":[{"href":"https:\/\/kontrolazarzadcza.com.pl\/index.php?rest_route=\/wp\/v2\/types\/page"}],"author":[{"embeddable":true,"href":"https:\/\/kontrolazarzadcza.com.pl\/index.php?rest_route=\/wp\/v2\/users\/1"}],"replies":[{"embeddable":true,"href":"https:\/\/kontrolazarzadcza.com.pl\/index.php?rest_route=%2Fwp%2Fv2%2Fcomments&post=41"}],"version-history":[{"count":10,"href":"https:\/\/kontrolazarzadcza.com.pl\/index.php?rest_route=\/wp\/v2\/pages\/41\/revisions"}],"predecessor-version":[{"id":122,"href":"https:\/\/kontrolazarzadcza.com.pl\/index.php?rest_route=\/wp\/v2\/pages\/41\/revisions\/122"}],"wp:featuredmedia":[{"embeddable":true,"href":"https:\/\/kontrolazarzadcza.com.pl\/index.php?rest_route=\/wp\/v2\/media\/44"}],"wp:attachment":[{"href":"https:\/\/kontrolazarzadcza.com.pl\/index.php?rest_route=%2Fwp%2Fv2%2Fmedia&parent=41"}],"curies":[{"name":"wp","href":"https:\/\/api.w.org\/{rel}","templated":true}]}}